{"id":1049,"date":"2024-07-18T16:01:46","date_gmt":"2024-07-18T14:01:46","guid":{"rendered":"http:\/\/serwer168869.lh.pl\/autoinstalator\/serwer168869.lh.pl\/wordpress74863\/?page_id=1049"},"modified":"2024-07-18T16:01:58","modified_gmt":"2024-07-18T14:01:58","slug":"podzial-majatku-bialystok-2","status":"publish","type":"page","link":"https:\/\/adwokatura-bialystok.pl\/index.php\/podzial-majatku-bialystok-2\/","title":{"rendered":"Podzia\u0142 maj\u0105tku Bia\u0142ystok"},"content":{"rendered":"\t\t<div data-elementor-type=\"wp-page\" data-elementor-id=\"1049\" class=\"elementor elementor-1049\" data-elementor-post-type=\"page\">\n\t\t\t\t<div class=\"elementor-element elementor-element-ba1e156 e-flex e-con-boxed e-con e-parent\" data-id=\"ba1e156\" data-element_type=\"container\" data-settings=\"{&quot;_ha_eqh_enable&quot;:false}\">\n\t\t\t\t\t<div class=\"e-con-inner\">\n\t\t<div class=\"elementor-element elementor-element-df498e8 e-con-full e-flex e-con e-child\" data-id=\"df498e8\" data-element_type=\"container\" data-settings=\"{&quot;_ha_eqh_enable&quot;:false}\">\n\t\t\t\t<div class=\"elementor-element elementor-element-2b44a41 elementor-widget__width-inherit elementor-widget elementor-widget-text-editor\" data-id=\"2b44a41\" data-element_type=\"widget\" data-widget_type=\"text-editor.default\">\n\t\t\t\t<div class=\"elementor-widget-container\">\n\t\t\t\t\t\t\t<p>Jedn\u0105 z naszych specjalizacji jest\u00a0<strong>podzia\u0142 maj\u0105tku<\/strong>. Jeste\u015bmy\u00a0<strong>Bia\u0142ostock\u0105 Kancelari\u0105<\/strong>, kt\u00f3ra zapewni Pa\u0144stwu pomoc w tej, jak\u017ce trudnej, sprawie.\u00a0<strong>Rozw\u00f3d i podzia\u0142 maj\u0105tku<\/strong>\u00a0przy nim jest zawsze obci\u0105\u017caj\u0105cy dla os\u00f3b zainteresowanych.<\/p><p>Do\u0142o\u017cymy wszelkich stara\u0144 aby zminimalizowa\u0107 stres wynikaj\u0105cy z tej sprawy.<\/p><p>Dzia\u0142amy na terenie\u00a0<strong>Bia\u0142egostoku<\/strong>\u00a0i nie tylko.<\/p><p>Jeste\u015bmy\u00a0<strong>Specjalistami<\/strong>, kt\u00f3rzy s\u0105 w stanie pom\u00f3c w podziale maj\u0105tku.<\/p><p><strong>Wsp\u00f3lno\u015b\u0107 maj\u0105tkowa<\/strong>\u00a0istnieje gdy nie zosta\u0142a podpisana\u00a0<strong>intercyza<\/strong>\u00a0i w jej sk\u0142ad wchodz\u0105 dobra, kt\u00f3re ma\u0142\u017conkowie wsp\u00f3lnie kupi\u0105 oraz zarobi\u0105.<\/p><p>Naszym Klientom w\u00a0<strong>Bia\u0142ymstoku<\/strong>\u00a0ch\u0119tnie pomo\u017cemy w ustaleniu co wchodzi, w sk\u0142ad wsp\u00f3lnego maj\u0105tku, a co nie.<\/p><p>Pomo\u017cemy ustali\u0107 czy do podzia\u0142u maj\u0105tku jest konieczno\u015b\u0107 drugiej sprawy s\u0105dowej czy jest mo\u017cliwo\u015b\u0107 podzia\u0142u maj\u0105tku w trakcie sprawy rozwodowej.<\/p><p>Podzia\u0142 maj\u0105tku nie zawsze musi by\u0107 r\u00f3wny \u2013 wynika to z wielu czynnik\u00f3w, kt\u00f3re tak\u017ce bierzemy pod uwag\u0119 przygotowuj\u0105c siebie i Klienta do takiej sprawy.<\/p><p>Nasza Kancelaria zaprasza do wsp\u00f3\u0142pracy w zakresie\u00a0<strong>podzia\u0142u maj\u0105tku w Bia\u0142ymstoku<\/strong>.<\/p><p><strong>Pami\u0119tajmy \u2013 mamy swoje prawa i mo\u017cliwo\u015bci.<\/strong><\/p><p>Zesp\u00f3\u0142 Bia\u0142ostockiej Kancelarii Adwokackiej Adwokat Sylwia Tokarzewska.<\/p>\t\t\t\t\t\t<\/div>\n\t\t\t\t<\/div>\n\t\t\t\t<\/div>\n\t\t\t\t\t<\/div>\n\t\t\t\t<\/div>\n\t\t\t\t<\/div>\n\t\t","protected":false},"excerpt":{"rendered":"<p>Jedn\u0105 z naszych specjalizacji jest\u00a0podzia\u0142 maj\u0105tku. Jeste\u015bmy\u00a0Bia\u0142ostock\u0105 Kancelari\u0105, kt\u00f3ra zapewni Pa\u0144stwu pomoc w tej, jak\u017ce trudnej, sprawie.\u00a0Rozw\u00f3d i podzia\u0142 maj\u0105tku\u00a0przy nim jest zawsze obci\u0105\u017caj\u0105cy dla os\u00f3b zainteresowanych. Do\u0142o\u017cymy wszelkich stara\u0144 aby zminimalizowa\u0107 stres wynikaj\u0105cy z tej sprawy. Dzia\u0142amy na terenie\u00a0Bia\u0142egostoku\u00a0i nie tylko. Jeste\u015bmy\u00a0Specjalistami, kt\u00f3rzy s\u0105 w stanie pom\u00f3c w podziale maj\u0105tku. Wsp\u00f3lno\u015b\u0107 maj\u0105tkowa\u00a0istnieje gdy nie [&hellip;]<\/p>\n","protected":false},"author":1,"featured_media":0,"parent":0,"menu_order":0,"comment_status":"closed","ping_status":"closed","template":"","meta":{"inline_featured_image":false,"site-sidebar-layout":"no-sidebar","site-content-layout":"","ast-site-content-layout":"full-width-container","site-content-style":"default","site-sidebar-style":"default","ast-global-header-display":"","ast-banner-title-visibility":"","ast-main-header-display":"","ast-hfb-above-header-display":"","ast-hfb-below-header-display":"","ast-hfb-mobile-header-display":"","site-post-title":"disabled","ast-breadcrumbs-content":"","ast-featured-img":"disabled","footer-sml-layout":"","theme-transparent-header-meta":"","adv-header-id-meta":"","stick-header-meta":"","header-above-stick-meta":"","header-main-stick-meta":"","header-below-stick-meta":"","astra-migrate-meta-layouts":"default","ast-page-background-enabled":"default","ast-page-background-meta":{"desktop":{"background-color":"var(--ast-global-color-4)","background-image":"","background-repeat":"repeat","background-position":"center center","background-size":"auto","background-attachment":"scroll","background-type":"","background-media":"","overlay-type":"","overlay-color":"","overlay-opacity":"","overlay-gradient":""},"tablet":{"background-color":"","background-image":"","background-repeat":"repeat","background-position":"center center","background-size":"auto","background-attachment":"scroll","background-type":"","background-media":"","overlay-type":"","overlay-color":"","overlay-opacity":"","overlay-gradient":""},"mobile":{"background-color":"","background-image":"","background-repeat":"repeat","background-position":"center center","background-size":"auto","background-attachment":"scroll","background-type":"","background-media":"","overlay-type":"","overlay-color":"","overlay-opacity":"","overlay-gradient":""}},"ast-content-background-meta":{"desktop":{"background-color":"var(--ast-global-color-5)","background-image":"","background-repeat":"repeat","background-position":"center center","background-size":"auto","background-attachment":"scroll","background-type":"","background-media":"","overlay-type":"","overlay-color":"","overlay-opacity":"","overlay-gradient":""},"tablet":{"background-color":"var(--ast-global-color-5)","background-image":"","background-repeat":"repeat","background-position":"center center","background-size":"auto","background-attachment":"scroll","background-type":"","background-media":"","overlay-type":"","overlay-color":"","overlay-opacity":"","overlay-gradient":""},"mobile":{"background-color":"var(--ast-global-color-5)","background-image":"","background-repeat":"repeat","background-position":"center center","background-size":"auto","background-attachment":"scroll","background-type":"","background-media":"","overlay-type":"","overlay-color":"","overlay-opacity":"","overlay-gradient":""}},"footnotes":""},"class_list":["post-1049","page","type-page","status-publish","hentry"],"_links":{"self":[{"href":"https:\/\/adwokatura-bialystok.pl\/index.php\/wp-json\/wp\/v2\/pages\/1049","targetHints":{"allow":["GET"]}}],"collection":[{"href":"https:\/\/adwokatura-bialystok.pl\/index.php\/wp-json\/wp\/v2\/pages"}],"about":[{"href":"https:\/\/adwokatura-bialystok.pl\/index.php\/wp-json\/wp\/v2\/types\/page"}],"author":[{"embeddable":true,"href":"https:\/\/adwokatura-bialystok.pl\/index.php\/wp-json\/wp\/v2\/users\/1"}],"replies":[{"embeddable":true,"href":"https:\/\/adwokatura-bialystok.pl\/index.php\/wp-json\/wp\/v2\/comments?post=1049"}],"version-history":[{"count":4,"href":"https:\/\/adwokatura-bialystok.pl\/index.php\/wp-json\/wp\/v2\/pages\/1049\/revisions"}],"predecessor-version":[{"id":1053,"href":"https:\/\/adwokatura-bialystok.pl\/index.php\/wp-json\/wp\/v2\/pages\/1049\/revisions\/1053"}],"wp:attachment":[{"href":"https:\/\/adwokatura-bialystok.pl\/index.php\/wp-json\/wp\/v2\/media?parent=1049"}],"curies":[{"name":"wp","href":"https:\/\/api.w.org\/{rel}","templated":true}]}}