{"id":1965,"date":"2024-07-24T19:45:53","date_gmt":"2024-07-24T17:45:53","guid":{"rendered":"https:\/\/adwokatura-bialystok.pl\/?page_id=1965"},"modified":"2024-07-24T20:16:44","modified_gmt":"2024-07-24T18:16:44","slug":"julia-grenda","status":"publish","type":"page","link":"https:\/\/adwokatura-bialystok.pl\/index.php\/julia-grenda\/","title":{"rendered":"Magdalena Marcinkiewicz"},"content":{"rendered":"\t\t<div data-elementor-type=\"wp-page\" data-elementor-id=\"1965\" class=\"elementor elementor-1965\" data-elementor-post-type=\"page\">\n\t\t\t\t<div class=\"elementor-element elementor-element-599d42d e-flex e-con-boxed e-con e-parent\" data-id=\"599d42d\" data-element_type=\"container\" data-settings=\"{&quot;_ha_eqh_enable&quot;:false}\">\n\t\t\t\t\t<div class=\"e-con-inner\">\n\t\t\t\t<div class=\"elementor-element elementor-element-95b91d9 elementor-widget elementor-widget-heading\" data-id=\"95b91d9\" data-element_type=\"widget\" data-widget_type=\"heading.default\">\n\t\t\t\t<div class=\"elementor-widget-container\">\n\t\t\t<h2 class=\"elementor-heading-title elementor-size-default\">Zesp\u00f3\u0142 Kancelarii<\/h2>\t\t<\/div>\n\t\t\t\t<\/div>\n\t\t<div class=\"elementor-element elementor-element-e9dfcc4 e-con-full e-flex e-con e-child\" data-id=\"e9dfcc4\" data-element_type=\"container\" data-settings=\"{&quot;_ha_eqh_enable&quot;:false}\">\n\t\t<div class=\"elementor-element elementor-element-12d866d e-con-full e-flex e-con e-child\" data-id=\"12d866d\" data-element_type=\"container\" data-settings=\"{&quot;_ha_eqh_enable&quot;:false}\">\n\t\t<div class=\"elementor-element elementor-element-38bf695 e-con-full e-flex e-con e-child\" data-id=\"38bf695\" data-element_type=\"container\" data-settings=\"{&quot;_ha_eqh_enable&quot;:false}\">\n\t\t\t\t<div class=\"elementor-element elementor-element-3436ffc elementor-widget elementor-widget-image\" data-id=\"3436ffc\" data-element_type=\"widget\" data-widget_type=\"image.default\">\n\t\t\t\t<div class=\"elementor-widget-container\">\n\t\t\t\t\t\t\t\t\t\t\t\t\t<img fetchpriority=\"high\" decoding=\"async\" width=\"1707\" height=\"2408\" src=\"https:\/\/adwokatura-bialystok.pl\/wp-content\/uploads\/2024\/07\/Projekt-bez-nazwy-2-1-scaled-e1761140497854.webp\" class=\"attachment-full size-full wp-image-2012\" alt=\"Magdalena Marcinkiewicz\" srcset=\"https:\/\/adwokatura-bialystok.pl\/wp-content\/uploads\/2024\/07\/Projekt-bez-nazwy-2-1-scaled-e1761140497854.webp 1707w, https:\/\/adwokatura-bialystok.pl\/wp-content\/uploads\/2024\/07\/Projekt-bez-nazwy-2-1-scaled-e1761140497854-213x300.webp 213w, https:\/\/adwokatura-bialystok.pl\/wp-content\/uploads\/2024\/07\/Projekt-bez-nazwy-2-1-scaled-e1761140497854-726x1024.webp 726w, https:\/\/adwokatura-bialystok.pl\/wp-content\/uploads\/2024\/07\/Projekt-bez-nazwy-2-1-scaled-e1761140497854-768x1083.webp 768w, https:\/\/adwokatura-bialystok.pl\/wp-content\/uploads\/2024\/07\/Projekt-bez-nazwy-2-1-scaled-e1761140497854-1089x1536.webp 1089w, https:\/\/adwokatura-bialystok.pl\/wp-content\/uploads\/2024\/07\/Projekt-bez-nazwy-2-1-scaled-e1761140497854-1452x2048.webp 1452w\" sizes=\"(max-width: 1707px) 100vw, 1707px\" \/>\t\t\t\t\t\t\t\t\t\t\t\t\t<\/div>\n\t\t\t\t<\/div>\n\t\t\t\t<\/div>\n\t\t<div class=\"elementor-element elementor-element-196833f e-con-full e-flex e-con e-child\" data-id=\"196833f\" data-element_type=\"container\" data-settings=\"{&quot;_ha_eqh_enable&quot;:false}\">\n\t\t\t\t<div class=\"elementor-element elementor-element-082f932 elementor-widget elementor-widget-heading\" data-id=\"082f932\" data-element_type=\"widget\" data-widget_type=\"heading.default\">\n\t\t\t\t<div class=\"elementor-widget-container\">\n\t\t\t<h2 class=\"elementor-heading-title elementor-size-default\">Magdalena Marcinkiewicz\n<br \/>\nAplikant<\/h2>\t\t<\/div>\n\t\t\t\t<\/div>\n\t\t\t\t<div class=\"elementor-element elementor-element-69c181a elementor-widget elementor-widget-text-editor\" data-id=\"69c181a\" data-element_type=\"widget\" data-widget_type=\"text-editor.default\">\n\t\t\t\t<div class=\"elementor-widget-container\">\n\t\t\t\t\t\t\t<p>Studentka V roku Prawa na Uniwersytecie w Bia\u0142ymstoku. Wsp\u00f3\u0142prac\u0119 z Kancelari\u0105 rozpocz\u0119\u0142a w 2024 roku. Jej zainteresowania koncentruj\u0105 si\u0119 wok\u00f3\u0142 prawa karnego materialnego, a tak\u017ce szeroko rozumianego prawa cywilnego, ze szczeg\u00f3lnym uwzgl\u0119dnieniem materii prawa rodzinnego i spadkowego.<\/p><p>W ramach pracy w Kancelarii zdobywa cenn\u0105 wiedz\u0119 oraz do\u015bwiadczenie zawodowe wspieraj\u0105c prac\u0119 Adwokata, sporz\u0105dzaj\u0105c projekty pism procesowych i dbaj\u0105c o organizacj\u0119 czynno\u015bci technicznych.<\/p>\t\t\t\t\t\t<\/div>\n\t\t\t\t<\/div>\n\t\t\t\t<div class=\"elementor-element elementor-element-d39d833 elementor-widget-divider--view-line elementor-widget elementor-widget-divider\" data-id=\"d39d833\" data-element_type=\"widget\" data-widget_type=\"divider.default\">\n\t\t\t\t<div class=\"elementor-widget-container\">\n\t\t\t\t\t<div class=\"elementor-divider\">\n\t\t\t<span class=\"elementor-divider-separator\">\n\t\t\t\t\t\t<\/span>\n\t\t<\/div>\n\t\t\t\t<\/div>\n\t\t\t\t<\/div>\n\t\t\t\t<div class=\"elementor-element elementor-element-fb94d46 elementor-widget-divider--view-line elementor-widget elementor-widget-divider\" data-id=\"fb94d46\" data-element_type=\"widget\" data-widget_type=\"divider.default\">\n\t\t\t\t<div class=\"elementor-widget-container\">\n\t\t\t\t\t<div class=\"elementor-divider\">\n\t\t\t<span class=\"elementor-divider-separator\">\n\t\t\t\t\t\t<\/span>\n\t\t<\/div>\n\t\t\t\t<\/div>\n\t\t\t\t<\/div>\n\t\t\t\t<\/div>\n\t\t\t\t<\/div>\n\t\t\t\t<div class=\"elementor-element elementor-element-b85b138 elementor-widget elementor-widget-heading\" data-id=\"b85b138\" data-element_type=\"widget\" data-widget_type=\"heading.default\">\n\t\t\t\t<div class=\"elementor-widget-container\">\n\t\t\t<h2 class=\"elementor-heading-title elementor-size-default\">Z Kancelari\u0105 wsp\u00f3\u0142pracuj\u0105 prawnicy legitymuj\u0105cy si\u0119 uprawnieniami adwokata, radcy prawnego, a tak\u017ce aplikanci adwokaccy i radcowscy. Jeste\u015bmy grup\u0105 pasjonat\u00f3w, lubi\u0105cych swoj\u0105 prac\u0119 i zaanga\u017cowanych w sprawy i interes naszych Klient\u00f3w.<\/h2>\t\t<\/div>\n\t\t\t\t<\/div>\n\t\t\t\t<\/div>\n\t\t\t\t\t<\/div>\n\t\t\t\t<\/div>\n\t\t\t\t<\/div>\n\t\t","protected":false},"excerpt":{"rendered":"<p>Zesp\u00f3\u0142 Kancelarii Magdalena Marcinkiewicz Aplikant Studentka V roku Prawa na Uniwersytecie w Bia\u0142ymstoku. Wsp\u00f3\u0142prac\u0119 z Kancelari\u0105 rozpocz\u0119\u0142a w 2024 roku. Jej zainteresowania koncentruj\u0105 si\u0119 wok\u00f3\u0142 prawa karnego materialnego, a tak\u017ce szeroko rozumianego prawa cywilnego, ze szczeg\u00f3lnym uwzgl\u0119dnieniem materii prawa rodzinnego i spadkowego. W ramach pracy w Kancelarii zdobywa cenn\u0105 wiedz\u0119 oraz do\u015bwiadczenie zawodowe wspieraj\u0105c prac\u0119 [&hellip;]<\/p>\n","protected":false},"author":2,"featured_media":0,"parent":0,"menu_order":0,"comment_status":"closed","ping_status":"closed","template":"","meta":{"inline_featured_image":false,"site-sidebar-layout":"no-sidebar","site-content-layout":"","ast-site-content-layout":"full-width-container","site-content-style":"default","site-sidebar-style":"default","ast-global-header-display":"","ast-banner-title-visibility":"","ast-main-header-display":"","ast-hfb-above-header-display":"","ast-hfb-below-header-display":"","ast-hfb-mobile-header-display":"","site-post-title":"disabled","ast-breadcrumbs-content":"","ast-featured-img":"disabled","footer-sml-layout":"","theme-transparent-header-meta":"default","adv-header-id-meta":"","stick-header-meta":"","header-above-stick-meta":"","header-main-stick-meta":"","header-below-stick-meta":"","astra-migrate-meta-layouts":"set","ast-page-background-enabled":"default","ast-page-background-meta":{"desktop":{"background-color":"var(--ast-global-color-4)","background-image":"","background-repeat":"repeat","background-position":"center center","background-size":"auto","background-attachment":"scroll","background-type":"","background-media":"","overlay-type":"","overlay-color":"","overlay-opacity":"","overlay-gradient":""},"tablet":{"background-color":"","background-image":"","background-repeat":"repeat","background-position":"center center","background-size":"auto","background-attachment":"scroll","background-type":"","background-media":"","overlay-type":"","overlay-color":"","overlay-opacity":"","overlay-gradient":""},"mobile":{"background-color":"","background-image":"","background-repeat":"repeat","background-position":"center center","background-size":"auto","background-attachment":"scroll","background-type":"","background-media":"","overlay-type":"","overlay-color":"","overlay-opacity":"","overlay-gradient":""}},"ast-content-background-meta":{"desktop":{"background-color":"var(--ast-global-color-5)","background-image":"","background-repeat":"repeat","background-position":"center center","background-size":"auto","background-attachment":"scroll","background-type":"","background-media":"","overlay-type":"","overlay-color":"","overlay-opacity":"","overlay-gradient":""},"tablet":{"background-color":"var(--ast-global-color-5)","background-image":"","background-repeat":"repeat","background-position":"center center","background-size":"auto","background-attachment":"scroll","background-type":"","background-media":"","overlay-type":"","overlay-color":"","overlay-opacity":"","overlay-gradient":""},"mobile":{"background-color":"var(--ast-global-color-5)","background-image":"","background-repeat":"repeat","background-position":"center center","background-size":"auto","background-attachment":"scroll","background-type":"","background-media":"","overlay-type":"","overlay-color":"","overlay-opacity":"","overlay-gradient":""}},"footnotes":""},"class_list":["post-1965","page","type-page","status-publish","hentry"],"_links":{"self":[{"href":"https:\/\/adwokatura-bialystok.pl\/index.php\/wp-json\/wp\/v2\/pages\/1965","targetHints":{"allow":["GET"]}}],"collection":[{"href":"https:\/\/adwokatura-bialystok.pl\/index.php\/wp-json\/wp\/v2\/pages"}],"about":[{"href":"https:\/\/adwokatura-bialystok.pl\/index.php\/wp-json\/wp\/v2\/types\/page"}],"author":[{"embeddable":true,"href":"https:\/\/adwokatura-bialystok.pl\/index.php\/wp-json\/wp\/v2\/users\/2"}],"replies":[{"embeddable":true,"href":"https:\/\/adwokatura-bialystok.pl\/index.php\/wp-json\/wp\/v2\/comments?post=1965"}],"version-history":[{"count":5,"href":"https:\/\/adwokatura-bialystok.pl\/index.php\/wp-json\/wp\/v2\/pages\/1965\/revisions"}],"predecessor-version":[{"id":2018,"href":"https:\/\/adwokatura-bialystok.pl\/index.php\/wp-json\/wp\/v2\/pages\/1965\/revisions\/2018"}],"wp:attachment":[{"href":"https:\/\/adwokatura-bialystok.pl\/index.php\/wp-json\/wp\/v2\/media?parent=1965"}],"curies":[{"name":"wp","href":"https:\/\/api.w.org\/{rel}","templated":true}]}}

<div data-elementor-type="wp-page" data-elementor-id="1965" class="elementor elementor-1965" data-elementor-post-type="page">
				<div class="elementor-element elementor-element-599d42d e-flex e-con-boxed e-con e-parent" data-id="599d42d" data-element_type="container" data-settings="{&quot;_ha_eqh_enable&quot;:false}">
					<div class="e-con-inner">
				<div class="elementor-element elementor-element-95b91d9 elementor-widget elementor-widget-heading" data-id="95b91d9" data-element_type="widget" data-widget_type="heading.default">
				<div class="elementor-widget-container">
			<h2 class="elementor-heading-title elementor-size-default">Zespół Kancelarii</h2>		</div>
				</div>
		<div class="elementor-element elementor-element-e9dfcc4 e-con-full e-flex e-con e-child" data-id="e9dfcc4" data-element_type="container" data-settings="{&quot;_ha_eqh_enable&quot;:false}">
		<div class="elementor-element elementor-element-12d866d e-con-full e-flex e-con e-child" data-id="12d866d" data-element_type="container" data-settings="{&quot;_ha_eqh_enable&quot;:false}">
		<div class="elementor-element elementor-element-38bf695 e-con-full e-flex e-con e-child" data-id="38bf695" data-element_type="container" data-settings="{&quot;_ha_eqh_enable&quot;:false}">
				<div class="elementor-element elementor-element-3436ffc elementor-widget elementor-widget-image" data-id="3436ffc" data-element_type="widget" data-widget_type="image.default">
				<div class="elementor-widget-container">
													<img fetchpriority="high" decoding="async" width="1707" height="2408" src="https://adwokatura-bialystok.pl/wp-content/uploads/2024/07/Projekt-bez-nazwy-2-1-scaled-e1761140497854.webp" class="attachment-full size-full wp-image-2012" alt="Magdalena Marcinkiewicz" srcset="https://adwokatura-bialystok.pl/wp-content/uploads/2024/07/Projekt-bez-nazwy-2-1-scaled-e1761140497854.webp 1707w, https://adwokatura-bialystok.pl/wp-content/uploads/2024/07/Projekt-bez-nazwy-2-1-scaled-e1761140497854-213x300.webp 213w, https://adwokatura-bialystok.pl/wp-content/uploads/2024/07/Projekt-bez-nazwy-2-1-scaled-e1761140497854-726x1024.webp 726w, https://adwokatura-bialystok.pl/wp-content/uploads/2024/07/Projekt-bez-nazwy-2-1-scaled-e1761140497854-768x1083.webp 768w, https://adwokatura-bialystok.pl/wp-content/uploads/2024/07/Projekt-bez-nazwy-2-1-scaled-e1761140497854-1089x1536.webp 1089w, https://adwokatura-bialystok.pl/wp-content/uploads/2024/07/Projekt-bez-nazwy-2-1-scaled-e1761140497854-1452x2048.webp 1452w" sizes="(max-width: 1707px) 100vw, 1707px" />													</div>
				</div>
				</div>
		<div class="elementor-element elementor-element-196833f e-con-full e-flex e-con e-child" data-id="196833f" data-element_type="container" data-settings="{&quot;_ha_eqh_enable&quot;:false}">
				<div class="elementor-element elementor-element-082f932 elementor-widget elementor-widget-heading" data-id="082f932" data-element_type="widget" data-widget_type="heading.default">
				<div class="elementor-widget-container">
			<h2 class="elementor-heading-title elementor-size-default">Magdalena Marcinkiewicz
<br />
Aplikant</h2>		</div>
				</div>
				<div class="elementor-element elementor-element-69c181a elementor-widget elementor-widget-text-editor" data-id="69c181a" data-element_type="widget" data-widget_type="text-editor.default">
				<div class="elementor-widget-container">
							<p>Studentka V roku Prawa na Uniwersytecie w Białymstoku. Współpracę z Kancelarią rozpoczęła w 2024 roku. Jej zainteresowania koncentrują się wokół prawa karnego materialnego, a także szeroko rozumianego prawa cywilnego, ze szczególnym uwzględnieniem materii prawa rodzinnego i spadkowego.</p><p>W ramach pracy w Kancelarii zdobywa cenną wiedzę oraz doświadczenie zawodowe wspierając pracę Adwokata, sporządzając projekty pism procesowych i dbając o organizację czynności technicznych.</p>						</div>
				</div>
				<div class="elementor-element elementor-element-d39d833 elementor-widget-divider--view-line elementor-widget elementor-widget-divider" data-id="d39d833" data-element_type="widget" data-widget_type="divider.default">
				<div class="elementor-widget-container">
					<div class="elementor-divider">
			<span class="elementor-divider-separator">
						</span>
		</div>
				</div>
				</div>
				<div class="elementor-element elementor-element-fb94d46 elementor-widget-divider--view-line elementor-widget elementor-widget-divider" data-id="fb94d46" data-element_type="widget" data-widget_type="divider.default">
				<div class="elementor-widget-container">
					<div class="elementor-divider">
			<span class="elementor-divider-separator">
						</span>
		</div>
				</div>
				</div>
				</div>
				</div>
				<div class="elementor-element elementor-element-b85b138 elementor-widget elementor-widget-heading" data-id="b85b138" data-element_type="widget" data-widget_type="heading.default">
				<div class="elementor-widget-container">
			<h2 class="elementor-heading-title elementor-size-default">Z Kancelarią współpracują prawnicy legitymujący się uprawnieniami adwokata, radcy prawnego, a także aplikanci adwokaccy i radcowscy. Jesteśmy grupą pasjonatów, lubiących swoją pracę i zaangażowanych w sprawy i interes naszych Klientów.</h2>		</div>
				</div>
				</div>
					</div>
				</div>
				</div>

<p>Zespół Kancelarii Magdalena Marcinkiewicz Aplikant Studentka V roku Prawa na Uniwersytecie w Białymstoku. Współpracę z Kancelarią rozpoczęła w 2024 roku. Jej zainteresowania koncentrują się wokół prawa karnego materialnego, a także szeroko rozumianego prawa cywilnego, ze szczególnym uwzględnieniem materii prawa rodzinnego i spadkowego. W ramach pracy w Kancelarii zdobywa cenną wiedzę oraz doświadczenie zawodowe wspierając pracę [&hellip;]</p>
